7517 and 49588?
1771
What is the greatest common divisor of 20 and 61519180?
20
What is the greatest common factor of 37883720 and 1330?
1330
Calculate the greatest common divisor of 5740301910 and 15.
15
What is the greatest common factor of 113419 and 395011?
3911
Calculate the greatest common factor of 3948 and 379343580.
3948
What is the greatest common divisor of 1245 and 71805?
15
Calculate the greatest common divisor of 412228605 and 20.
5
Calculate the highest common divisor of 13291433 and 34.
17
What is the greatest common factor of 263020722 and 6?
6
Calculate the greatest common divisor of 99889804 and 700.
28
What is the highest common divisor of 302950 and 1596875?
1825
Calculate the greatest common factor of 72832 and 17659484.
2276
What is the highest common factor of 34364244 and 2976?
372
What is the greatest common factor of 3604540 and 11470?
370
What is the greatest common factor of 3923982 and 7479?
2493
Calculate the highest common factor of 1234200 and 40600.
200
What is the greatest common divisor of 13 and 17253821?
13
What is the highest common factor of 80274 and 49572?
102
Calculate the highest common factor of 202 and 1836584.
202
Calculate the highest common factor of 17 and 200474013.
17
Calculate the greatest common factor of 4455 and 99735.
15
Calculate the highest common factor of 5 and 4359103.
1
Calculate the greatest common divisor of 7687323 and 1169.
7
What is the greatest common divisor of 67322 and 135628?
82
Calculate the highest common factor of 42913888 and 78016.
1696
What is the highest common divisor of 135814 and 11336?
218
What is the highest common factor of 154 and 1131646978?
154
What is the greatest common divisor of 731 and 42931171?
17
What is the highest common factor of 343613 and 427549?
2623
Calculate the highest common factor of 84 and 17320268.
28
What is the highest common factor of 78 and 62534?
2
Calculate the greatest common factor of 5220606779 and 179.
179
Calculate the highest common divisor of 15796000 and 440.
440
What is the greatest common factor of 343 and 436198?
49
Calculate the greatest common factor of 59792 and 6565909.
3737
What is the highest common factor of 18405 and 5206185?
45
Calculate the highest common factor of 64 and 1808660416.
64
Calculate the greatest common divisor of 8423842 and 10787.
161
Calculate the greatest common divisor of 1168589568 and 696.
696
Calculate the highest common divisor of 104200 and 314450.
50
What is the greatest common divisor of 58368993 and 201?
201
Calculate the highest common divisor of 10395 and 116339454.
693
What is the highest common divisor of 301633098 and 273?
39
What is the highest common factor of 51557352 and 10120?
2024
Calculate the greatest common factor of 94592 and 25661036.
2956
Calculate the highest common divisor of 46 and 1162352633.
23
What is the greatest common factor of 238 and 53856614?
14
What is the highest common factor of 3212 and 232724?
292
What is the greatest common factor of 87166 and 4296800?
82
Calculate the greatest common factor of 26046 and 87651.
9
What is the greatest common factor of 814500 and 625355?
905
Calculate the greatest common factor of 4233 and 5356173.
51
What is the greatest common factor of 5261315 and 17095?
1315
What is the highest common factor of 13700 and 132068?
548
What is the highest common divisor of 1604912700 and 227?
227
Calculate the highest common factor of 27 and 1385523.
9
Calculate the greatest common divisor of 41119 and 4264.
13
What is the highest common factor of 55 and 230142385?
55
What is the greatest common divisor of 1078976 and 235520?
1472
Calculate the highest common factor of 185608 and 376.
8
What is the greatest common factor of 9 and 2241608?
1
Calculate the highest common factor of 186252 and 22836.
132
Calculate the greatest common factor of 165795385 and 8855.
805
Calculate the highest common factor of 3234 and 1680492.
66
What is the greatest common factor of 4191315 and 51?
3
What is the highest common factor of 1196 and 720668?
52
Calculate the highest common factor of 2723080 and 6840.
760
What is the greatest common factor of 18540 and 23505?
15
Calculate the highest common factor of 76950 and 2117550.
2850
What is the highest common factor of 1525829 and 8032?
251
Calculate the greatest common factor of 113256 and 14024088.
936
Calculate the highest common divisor of 35724 and 227.
1
Calculate the greatest common factor of 764672 and 9217882.
5974
Calculate the highest common factor of 398637 and 1125.
9
What is the greatest common factor of 319473 and 242704?
77
What is the highest common factor of 16024774 and 851?
37
Calculate the greatest common factor of 5972 and 414865882.
2986
Calculate the greatest common factor of 1473 and 692127348.
1473
What is the greatest common factor of 1383 and 32081451?
1383
Calculate the highest common divisor of 424 and 4265917.
53
What is the greatest common factor of 113873919 and 978?
489
What is the highest common factor of 486471 and 824379?
2913
Calculate the highest common divisor of 11918 and 373706.
118
What is the highest common factor of 1022 and 510781?
73
Calculate the greatest common factor of 945 and 35523705.
105
Calculate the highest common factor of 16512375 and 33375.
375
Calculate the greatest common factor of 406722 and 111618.
318
What is the greatest common divisor of 69457883 and 22?
11
What is the greatest common divisor of 3 and 64864407?
3
What is the highest common divisor of 79 and 2129761?
79
What is the highest common divisor of 4390809 and 18259?
961
What is the greatest common divisor of 11423655 and 19?
19
What is the highest common factor of 1 and 8229325?
1
Calculate the greatest common divisor of 88984 and 8308200.
1816
Calculate the greatest common divisor of 1060096 and 9885072.
1616
What is the greatest common divisor of 268 and 2247633858?
134
What is the highest common divisor of 8592396 and 48?
12
Calculate the highest common divisor of 3680642 and 266.
266
Calculate the highest common divisor of 1051623 and 729.
81
Calculate the greatest common divisor of 500604 and 6864.
156
Calculate the greatest common factor of 567613992 and 4184.
4184
What is the greatest common divisor of 444 and 28545241?
37
Calculate the highest common factor of 540080 and 73616.
688
What is the greatest common divisor of 1989 and 13157703?
117
What is the highest common divisor of 1679149 and 1585?
317
What is the greatest common divisor of 2043 and 15381?
9
Calculate the highest common factor of 1024 and 1514848.
32
What is the greatest common divisor of 338828384 and 128?
32
Calculate the highest common factor of 223628 and 44252.
148
Calculate the highest common divisor of 54316445 and 20.
5
What is the greatest common factor of 200 and 13187392?
8
Calculate the greatest common factor of 910 and 14081585.
35
What is the greatest common divisor of 1055561 and 20969?
13
What is the highest common divisor of 104404718 and 17?
17
What is the greatest common factor of 325435 and 4657455?
5335
What is the greatest common divisor of 320 and 297856?
64
What is the highest common factor of 6496 and 11596256?
224
Calculate the highest common factor of 2 and 19443990.
2
Calculate the highest common factor of 459 and 51655941.
27
What is the greatest common factor of 145481 and 365491?
49
Calculate the greatest common factor of 52754003 and 123.
41
What is the highest common divisor of 45734611 and 169?
169
What is the greatest common divisor of 4101202 and 147?
49
Calculate the greatest common divisor of 141815751 and 476.
119
Calculate the highest common factor of 30 and 12201468.
6
What is the greatest common divisor of 128 and 1231744?
128
Calculate the greatest common divisor of 1635 and 24699945.
1635
What is the greatest common factor of 6807257 and 986?
29
What is the highest common factor of 9522000 and 2576?
368
Calculate the greatest common factor of 1445 and 16662295.
1445
Calculate the highest common divisor of 46908 and 81828.
36
Calculate the highest common divisor of 38205336 and 19968.
312
What is the greatest common factor of 255070211 and 11?
11
Calculate the highest common divisor of 288 and 524200320.
288
Calculate the highest common divisor of 4481975 and 17